19 a factor of 1227687?
False
Is 87 a factor of 34935?
False
Is 6331220 a multiple of 280?
False
Is 81 a factor of 54594?
True
Is 8296190 a multiple of 98?
True
Does 26 divide 9686507?
False
Is 1004095 a multiple of 164?
False
Is 97 a factor of 2166010?
True
Does 12 divide 3208212?
True
Does 121 divide 12254880?
True
Does 89 divide 706450?
False
Is 2347866 a multiple of 243?
True
Is 282 a factor of 388596?
True
Is 7147675 a multiple of 15?
False
Is 16 a factor of 225192?
False
Does 10 divide 56350?
True
Does 36 divide 2096928?
True
Is 6008273 a multiple of 39?
False
Is 8 a factor of 44062?
False
Is 397 a factor of 231785?
False
Is 243685 a multiple of 77?
False
Does 5 divide 4386719?
False
Does 26 divide 42744?
True
Does 33 divide 1063524?
True
Is 76701 a multiple of 6?
False
Is 58871 a multiple of 6?
False
Is 21731899 a multiple of 343?
False
Is 44 even?
True
Is 8336716 a multiple of 396?
False
Is 568292 a multiple of 124?
True
Is 10 a factor of 97180?
True
Is 90600 a multiple of 50?
True
Does 28 divide 2888610?
False
Does 88 divide 10686?
False
Does 12 divide 25525?
False
Does 928 divide 2384032?
True
Is 4135463 a multiple of 206?
False
Is 80 a factor of 316324?
False
Is 279 a factor of 184633?
False
Is 7 a factor of 5785?
False
Does 8 divide 490437?
False
Is 96 a factor of 3994426?
False
Does 117 divide 149877?
True
Is 154 a factor of 596904?
True
Does 96 divide 2187136?
False
Is 31187 a multiple of 2?
False
Is 373545 a multiple of 3?
True
Is 1465726 a multiple of 742?
False
Is 107228 a multiple of 11?
True
Is 49 a factor of 12920467?
True
Is 56 a factor of 357043?
False
Does 298 divide 308430?
True
Is 95 a factor of 110580?
True
Does 3 divide 421101?
True
Is 8 a factor of 24832?
True
Does 22 divide 36789?
False
Does 89 divide 11647?
False
Is 6422345 a multiple of 38?
False
Is 46761 a multiple of 13?
True
Is 25 a factor of 1061675?
True
Is 415709 a multiple of 66?
False
Does 1063 divide 5582876?
True
Does 1272 divide 7354002?
False
Is 1603643 a multiple of 17?
False
Does 41 divide 20295?
True
Is 661314 a multiple of 10?
False
Does 34 divide 7251758?
True
Does 62 divide 1179736?
True
Does 864 divide 252456?
False
Does 13 divide 2639762?
False
Is 16 a factor of 783520?
True
Is 19 a factor of 10518543?
False
Does 144 divide 656345?
False
Is 67 a factor of 105515?
False
Is 383 a factor of 1495615?
True
Does 64 divide 396973?
False
Is 2695644 a multiple of 252?
True
Is 43 a factor of 17983?
False
Is 63 a factor of 408681?
True
Is 22 a factor of 1291070?
True
Is 1050703 a multiple of 134?
False
Is 80 a factor of 491200?
True
Is 72358 a multiple of 121?
True
Does 7 divide 912569?
True
Is 208 a factor of 234624?
True
Is 11 a factor of 761028?
False
Does 25 divide 1422838?
False
Does 291 divide 1374393?
True
Is 348 a factor of 608004?
False
Is 15165 a multiple of 83?
False
Does 414 divide 202860?
True
Does 341 divide 279961?
True
Does 10 divide 172278?
False
Does 264 divide 115048?
False
Is 19 a factor of 286697?
False
Is 141 a factor of 22582983?
True
Is 26969824 a multiple of 338?
False
Does 30 divide 8164871?
False
Is 60470 a multiple of 4?
False
Is 274505 a multiple of 65?
False
Does 8 divide 83584?
True
Is 27 a factor of 7645?
False
Is 890967 a multiple of 17?
False
Does 180 divide 2004120?
True
Does 42 divide 80717?
False
Is 82698 a multiple of 7?
True
Is 48 a factor of 362391?
False
Does 215 divide 201670?
True
Does 348 divide 8331816?
True
Is 69 a factor of 360663?
True
Does 1196 divide 13882410?
False
Does 20 divide 201000?
True
Does 62 divide 743566?
True
Does 43 divide 194571?
False
Is 171 a factor of 981540?
True
Is 18155 a multiple of 7?
False
Is 2 a factor of 222234?
True
Is 9 a factor of 192559?
False
Does 5 divide 3970?
True
Does 70 divide 24622080?
True
Does 565 divide 3250116?
False
Is 2 a factor of 135671?
False
Does 191 divide 2129841?
True
Is 59 a factor of 46197?
True
Is 10 a factor of 1686000?
True
Is 50 a factor of 1221050?
True
Is 22 a factor of 1301542?
True
Does 42 divide 1116983?
False
Does 10 divide 32890?
True
Is 1275 a factor of 7344714?
False
Is 10032338 a multiple of 47?
True
Is 84068 a multiple of 584?
False
Is 80990 a multiple of 26?
True
Is 14 a factor of 1405046?
False
Does 24 divide 182664?
True
Does 96 divide 1628544?
True
Does 9 divide 3954143?
False
Does 71 divide 103998?
False
Does 84 divide 20600103?
False
Is 476 a factor of 2349060?
True
Is 9 a factor of 44194?
False
Does 406 divide 14149745?
False
Is 127 a factor of 122682?
True
Is 30 a factor of 5628600?
True
Is 458 a factor of 133596?
False
Is 530807 a multiple of 40?
False
Is 10580 a multiple of 5?
True
Does 3 divide 1041060?
True
Does 223 divide 10957328?
True
Is 2373777 a multiple of 922?
False
Is 33934 a multiple of 5?
False
Is 5 a factor of 56405?
True
Is 714 a factor of 510375?
False
Is 17127278 a multiple of 1466?
True
Does 12 divide 35700?
True
Is 32 a factor of 3100003?
False
Does 193 divide 348558?
True
Is 3268544 a multiple of 64?
True
Is 2515695 a multiple of 273?
True
Does 56 divide 4843496?
True
Does 554 divide 312587?
False
Does 16 divide 4483476?
False
Is 34 a factor of 6011960?
False
Is 8211241 a multiple of 276?
False
Is 11 a factor of 13621?
False
Does 3 divide 1991935?
False
Is 4 a factor of 99666?
False
Does 344 divide 87032?
True
Is 168 a factor of 3814104?
True
Is 12 a factor of 393425?
False
Is 367084 a multiple of 18?
False
Is 10 a factor of 116094?
False
Does 6 divide 319692?
True
Is 7723137 a multiple of 56?
False
Is 6651582 a multiple of 42?
True
Is 1287108 a multiple of 14?
False
Is 188564 a multiple of 4?
True
Is 294 a factor of 577416?
True
Does 207 divide 320022?
True
Does 7 divide 2156134?
False
Is 37 a factor of 106870?
False
Is 1362504 a multiple of 33?
True
Is 967 a factor of 409041?
True
Is 11 a factor of 344586?
True
Is 10080 a multiple of 480?
True
Is 1921078 a multiple of 195?
False
Does 5 divide 32487?
False
Is 9 a factor of 13400334?
True
Does 2 divide 394794?
True
Does 80 divide 152000?
True
Does 350 divide 2497582?
False
Does 310 divide 208630?
True
Is 146172 a multiple of 6?
True
Is 80 a factor of 496882?
False
Is 80 a factor of 179058?
False
Is 2459646 a multiple of 3?
True
Does 79 divide 8253367?
True
Is 4931407 a multiple of 36?
False
Is 104 a factor of 672744?
False
Is 2 a factor of 91759?
False
Is 59280 a multiple of 14?
False
Is 127512 a multiple of 21?
True
Does 14 divide 4276412?
True
Does 39 divide 4183140?
True
Does 9 divide 1197972?
True
Is 27 a factor of 1435266?
True
Does 282 divide 7867518?
True
Is 582624 a multiple of 3?
True
Is 94080 a multiple of 192?
True
Is 10 a factor of 28010?
True
Is 5 a factor of 509495?
True
Is 5579873 a multiple of 241?
True
Is 224 even?
True
Is 317 a factor of 23375897?
True
Does 36 divide 27036?
True
Does 585 divide 6400485?
True
Does 10 divide 182380?
True
Is 9504 a multiple of 36?
True
Does 983 divide 4126634?
True
Does 80 divide 660788?
False
Is 66 a factor of 7326?
True
Does 772 divide 289599?
False
Does 44 divide 182688?
True
Does 114 divide 177183?
False
Is 607497 a multiple of 108?
False
Is 45200 a multiple of 20?
True
Does 281 divide 51004?
False
Does 7 divide 28183376?
False
Is 17778880 a multiple of 112?
True
Is 874370 a multiple of 15?
False
Is 11211585 a multiple of 935?
True
Does 157 divide 1899072?
True
Does 30 divide 6552081?
False
Is 1895 a factor of 1326500?
True
Does 42 divide 602684?
False
Does 963 divide 7499844?
True
Is 2827111 a multiple of 1116?
False
Is 97 a factor of 1445494?
True
Is 36984 a multiple of 95?
False
Does 589 divide 1548954?
False
Is 4419073 a multiple of 21?
False
Is 84289 a multiple of 8?
False
Does 10 divide 299744?
False
Is 82 a factor of 233454?
True
Does 9 divide 52476?
False
Is 1055393 a multiple of 401?
False
Does 35 divide 225050?
True
Does 7 divide 402381?
True
Is 269 a factor of 183458?
True
Is 1186464 a multiple of 136?
True
Is 3334965 a multiple of 27?
False
Is 3145651 a multiple of 69?
False
Is 4659180 a multiple of 380?
True
Is 18 a factor of 135846?
True
Does 5 divide 166603?
False
Is 578454 a multiple of 6?
True
Is 70 a factor of 281749?
False
Is 798423 a multiple of 111?
True
Does 38 divide 101220?
False
Does 28 divide 156755?
False
Does 88 divide 408007?
False
Is 11 a factor of 21565?
False
Is 1054466 a m